t is the remainder when 14414 is divided by 958?
44
What is the remainder when 16695 is divided by 35?
0
Calculate the remainder when 178 is divided by 16.
2
What is the remainder when 2076 is divided by 26?
22
What is the remainder when 18409 is divided by 870?
139
What is the remainder when 516225 is divided by 746?
739
What is the remainder when 92384 is divided by 31?
4
What is the remainder when 19412 is divided by 373?
16
Calculate the remainder when 71275 is divided by 18.
13
Calculate the remainder when 340105 is divided by 1145.
40
What is the remainder when 14180 is divided by 417?
2
What is the remainder when 12868 is divided by 33?
31
What is the remainder when 19845 is divided by 6611?
12
Calculate the remainder when 25296 is divided by 51.
0
What is the remainder when 26092 is divided by 124?
52
What is the remainder when 238512 is divided by 43?
34
What is the remainder when 24342 is divided by 1521?
6
Calculate the remainder when 794681 is divided by 264879.
44
What is the remainder when 3511 is divided by 55?
46
What is the remainder when 237828 is divided by 24?
12
Calculate the remainder when 526281 is divided by 526265.
16
What is the remainder when 1580 is divided by 1549?
31
Calculate the remainder when 83219 is divided by 41476.
267
Calculate the remainder when 5927 is divided by 1200.
1127
What is the remainder when 2713 is divided by 60?
13
Calculate the remainder when 19933 is divided by 6614.
91
Calculate the remainder when 141280 is divided by 17656.
32
What is the remainder when 593 is divided by 287?
19
Calculate the remainder when 6452 is divided by 9.
8
What is the remainder when 8234 is divided by 4056?
122
Calculate the remainder when 7701 is divided by 7594.
107
Calculate the remainder when 160926 is divided by 19.
15
What is the remainder when 6476 is divided by 194?
74
What is the remainder when 839613 is divided by 63?
12
Calculate the remainder when 2680 is divided by 72.
16
Calculate the remainder when 16524 is divided by 10.
4
Calculate the remainder when 2732 is divided by 1.
0
What is the remainder when 146474 is divided by 105?
104
What is the remainder when 11391 is divided by 64?
63
What is the remainder when 164891 is divided by 39?
38
Calculate the remainder when 6019 is divided by 275.
244
Calculate the remainder when 8496 is divided by 8223.
273
Calculate the remainder when 754 is divided by 363.
28
What is the remainder when 228437 is divided by 32?
21
What is the remainder when 6260 is divided by 101?
99
What is the remainder when 53800 is divided by 42?
40
What is the remainder when 895 is divided by 295?
10
What is the remainder when 201205 is divided by 24?
13
What is the remainder when 438462 is divided by 884?
882
Calculate the remainder when 4774350 is divided by 13.
9
What is the remainder when 15591 is divided by 280?
191
Calculate the remainder when 3639 is divided by 3635.
4
What is the remainder when 478428 is divided by 159?
156
Calculate the remainder when 1344 is divided by 214.
60
Calculate the remainder when 56206 is divided by 1480.
1446
What is the remainder when 21752 is divided by 294?
290
What is the remainder when 14668 is divided by 163?
161
Calculate the remainder when 5205 is divided by 4941.
264
What is the remainder when 3125 is divided by 187?
133
Calculate the remainder when 23197 is divided by 136.
77
What is the remainder when 13528 is divided by 9?
1
Calculate the remainder when 4215555 is divided by 74.
71
What is the remainder when 7085 is divided by 91?
78
Calculate the remainder when 15859 is divided by 55.
19
Calculate the remainder when 596498 is divided by 596496.
2
What is the remainder when 188645 is divided by 154?
149
What is the remainder when 39179 is divided by 1187?
8
What is the remainder when 1298536 is divided by 1557?
1555
What is the remainder when 6891 is divided by 216?
195
Calculate the remainder when 928 is divided by 915.
13
What is the remainder when 4573 is divided by 28?
9
Calculate the remainder when 60049 is divided by 871.
821
What is the remainder when 126529 is divided by 212?
177
What is the remainder when 1468 is divided by 312?
220
Calculate the remainder when 25581 is divided by 74.
51
What is the remainder when 56559 is divided by 334?
113
Calculate the remainder when 4263 is divided by 18.
15
What is the remainder when 17109 is divided by 29?
28
Calculate the remainder when 49439 is divided by 48.
47
Calculate the remainder when 59304 is divided by 159.
156
What is the remainder when 218446 is divided by 31?
20
Calculate the remainder when 164651 is divided by 74.
1
Calculate the remainder when 9087 is divided by 101.
98
What is the remainder when 32686 is divided by 681?
679
Calculate the remainder when 82421 is divided by 877.
860
Calculate the remainder when 385153 is divided by 128360.
73
Calculate the remainder when 17863 is divided by 687.
1
Calculate the remainder when 12440 is divided by 1825.
1490
Calculate the remainder when 1361 is divided by 302.
153
Calculate the remainder when 81586 is divided by 5.
1
What is the remainder when 79439 is divided by 24?
23
Calculate the remainder when 832 is divided by 128.
64
What is the remainder when 12632 is divided by 583?
389
What is the remainder when 260228 is divided by 260206?
22
What is the remainder when 50583 is divided by 25287?
9
Calculate the remainder when 98266 is divided by 57.
55
Calculate the remainder when 28402 is divided by 12.
10
What is the remainder when 8667 is divided by 102?
99
Calculate the remainder when 1180 is divided by 237.
232
What is the remainder when 7072 is divided by 187?
153
Calculate the remainder when 13621 is divided by 213.
202
What is the remainder when 2872 is divided by 466?
76
Calculate the remainder when 656180 is divided by 13.
5
What is the remainder when 80491 is divided by 172?
167
What is the remainder when 51644 is divided by 238?
236
What is the remainder when 17038 is divided by 284?
282
Calculate the remainder when 425780 is divided by 347.
11
Calculate the remainder when 11558 is divided by 825.
8
What is the remainder when 12042 is divided by 11310?
732
Calculate the remainder when 751 is divided by 194.
169
Calculate the remainder when 266929 is divided by 133458.
13
What is the remainder when 71355 is divided by 71343?
12
Calculate the remainder when 133514 is divided by 73.
70
Calculate the remainder when 43385 is divided by 139.
17
Calculate the remainder when 7357 is divided by 1831.
33
What is the remainder when 7207 is divided by 64?
39
Calculate the remainder when 882082 is divided by 726.
718
What is the remainder when 22826 is divided by 11404?
18
Calculate the remainder when 513 is divided by 331.
182
What is the remainder when 35516 is divided by 104?
52
Calculate the remainder when 26438 is divided by 304.
294
Calculate the remainder when 127450 is divided by 124.
102
What is the remainder when 627325 is divided by 2571?
1
What is the remainder when 397 is divided by 318?
79
What is the remainder when 286 is divided by 178?
108
What is the remainder when 50239 is divided by 5022?
19
Calculate the remainder when 33137 is divided by 1499.
159
What is the remainder when 113211 is divided by 159?
3
What is the remainder when 12613998 is divided by 742?
740
What is the remainder when 4216 is divided by 1221?
553
What is the remainder when 25546 is divided by 122?
48
What is the remainder when 2224 is divided by 177?
100
What is the remainder when 87093 is divided by 6?
3
Calculate the remainder when 1381 is divided by 1349.
32
What is the remainder when 4404 is divided by 1156?
936
What is the remainder when 1338510 is divided by 37?
35
What is the remainder when 13977 is divided by 109?
25
Calculate the remainder when 34032 is divided by 587.
573
Calculate the remainder when 17599 is divided by 11.
10
What is the remainder when 27244 is divided by 27227?
17
What is the remainder when 3075 is divided by 231?
72
Calculate the remainder when 2864 is divided by 318.
2
What is the remainder when 2478 is divided by 271?
39
Calculate the remainder when 54253 is divided by 1644.
1
What is the remainder when 478 is divided by 476?
2
Calculate the remainder when 5234 is divided by 2604.
26
Calculate the remainde